 base 9.
1031
Convert -12453 (base 10) to base 2.
-11000010100101
What is 6260 (base 12) in base 2?
10100111101000
What is -107771 (base 8) in base 10?
-36857
Convert 43b2 (base 12) to base 7.
30542
-24657 (base 8) to base 5
-320141
120121 (base 4) to base 14
7d7
-3a021 (base 11) to base 12
-29174
-1223 (base 8) to base 13
-3b9
What is -6736 (base 10) in base 15?
-1ee1
Convert -10000110001001110 (base 2) to base 5.
-4144221
Convert 662 (base 8) to base 9.
532
What is -240 (base 9) in base 4?
-3012
What is -110110011 (base 2) in base 14?
-231
Convert -110110110110 (base 2) to base 3.
-11211000
11001010100 (base 2) to base 14
83a
Convert 703 (base 12) to base 11.
83a
What is -1061 (base 8) in base 13?
-342
-570 (base 10) to base 12
-3b6
-13360 (base 7) to base 16
-e23
Convert 4763 (base 13) to base 11.
7609
Convert 10132114 (base 5) to base 10.
83409
Convert -c3e (base 15) to base 7.
-11021
Convert -347 (base 10) to base 7.
-1004
What is -111221 (base 3) in base 9?
-457
What is -1331 (base 4) in base 8?
-175
4648 (base 11) to base 12
3646
Convert 176 (base 13) to base 3.
100212
What is -10113 (base 7) in base 3?
-10101010
Convert 505 (base 6) to base 12.
135
Convert 221011 (base 3) to base 11.
568
-222323 (base 5) to base 9
-11668
Convert a6 (base 13) to base 9.
161
410 (base 8) to base 10
264
1451 (base 11) to base 7
5312
Convert 1155 (base 8) to base 9.
760
What is -54d0 (base 15) in base 3?
-220122120
1538 (base 9) to base 11
973
34331 (base 6) to base 9
6621
7380 (base 10) to base 16
1cd4
What is 2933 (base 10) in base 2?
101101110101
56a (base 12) to base 9
1081
What is 1121035 (base 6) in base 10?
57263
What is -10101100110 (base 2) in base 15?
-622
What is 101011100100 (base 2) in base 15?
c5d
21511 (base 9) to base 11
a79a
Convert -10133312 (base 4) to base 10.
-18422
7740 (base 16) to base 2
111011101000000
658 (base 11) to base 3
1002020
What is -450 (base 9) in base 8?
-561
What is 1a (base 11) in base 15?
16
159a (base 15) to base 6
33301
1a52 (base 13) to base 12
2356
What is -101031 (base 4) in base 14?
-589
Convert 171 (base 12) to base 9.
274
-324 (base 5) to base 16
-59
Convert -11200 (base 7) to base 10.
-2842
1aa4 (base 16) to base 5
204240
Convert -3410 (base 9) to base 3.
-10110100
Convert 201202 (base 3) to base 5.
4113
What is 13333 (base 9) in base 6?
105433
What is 4422123 (base 5) in base 2?
10010101011111010
Convert -16874 (base 15) to base 7.
-422125
Convert 304440 (base 5) to base 4.
2130023
-331400 (base 5) to base 2
-10110011010011
2321 (base 6) to base 3
202111
-3022 (base 11) to base 7
-14466
What is -71 (base 13) in base 8?
-134
2d6 (base 16) to base 15
336
Convert -a558 (base 16) to base 6.
-523544
Convert 1452 (base 15) to base 5.
114402
What is -336 (base 7) in base 15?
-b9
What is -15 (base 7) in base 2?
-1100
156e (base 15) to base 5
121404
1444 (base 7) to base 5
4241
Convert -40435 (base 9) to base 10.
-26600
What is -4847 (base 9) in base 10?
-3607
What is -24420 (base 5) in base 16?
-744
-10736 (base 9) to base 3
-100211020
Convert -2213132 (base 4) to base 12.
-6252
-c9b (base 13) to base 6
-13552
What is -5724 (base 10) in base 5?
-140344
What is -4190 (base 15) in base 14?
-50a0
What is -a764 (base 11) in base 3?
-201111221
Convert -11211223 (base 4) to base 12.
-112b7
What is -1ea (base 16) in base 9?
-604
What is 1836 (base 15) in base 9?
7146
What is -231403 (base 5) in base 9?
-12411
What is 20234 (base 6) in base 9?
3614
484 (base 9) to base 12
294
101627 (base 8) to base 6
415543
What is 10015 (base 10) in base 15?
2e7a
-21757 (base 8) to base 2
-10001111101111
Convert 2d2 (base 15) to base 13.
3aa
31563 (base 9) to base 16
518a
-2718 (base 9) to base 4
-133322
Convert 21133100 (base 4) to base 5.
2220424
Convert -2831 (base 10) to base 9.
-3785
What is 750 (base 16) in base 4?
131100
What is 4660 (base 9) in base 16?
d80
Convert -4920 (base 12) to base 11.
-6204
Convert -11152 (base 8) to base 9.
-6417
What is 2211202 (base 3) in base 9?
2752
82ba (base 12) to base 9
21487
What is 1113 (base 8) in base 15?
292
-2175 (base 14) to base 11
-4391
What is -7347 (base 9) in base 2?
-1010100001101
-210030 (base 4) to base 3
-10011210
11133 (base 4) to base 12
253
What is -1bb7 (base 12) in base 5?
-102301
What is -471 (base 13) in base 4?
-30000
Convert 154 (base 7) to base 5.
323
3301 (base 5) to base 14
243
-8910 (base 11) to base 3
-121010010
-a70a (base 14) to base 13
-10171
Convert 12221 (base 3) to base 9.
187
What is 121112211 (base 3) in base 2?
10111100100000
Convert -10b26 (base 14) to base 11.
-28565
Convert 3431 (base 5) to base 10.
491
Convert 26502 (base 9) to base 3.
220120002
1141 (base 8) to base 14
317
What is -5d5 (base 15) in base 8?
-2455
What is 15141 (base 6) in base 16?
985
What is 10152 (base 7) in base 14?
c99
Convert -12130 (base 4) to base 12.
-2a4
What is 1123 (base 12) in base 6?
12443
What is 1262 (base 7) in base 14?
269
134126 (base 7) to base 4
12031223
Convert 1100110111111 (base 2) to base 7.
25134
Convert -437 (base 12) to base 11.
-513
What is 100010000101 (base 2) in base 9?
2883
d7a7 (base 14) to base 8
110507
Convert 9a9 (base 12) to base 7.
4104
Convert -101010100001110 (base 2) to base 9.
-32773
-101441 (base 5) to base 7
-12554
What is 5044 (base 6) in base 4?
101110
Convert -1201011 (base 3) to base 11.
-a33
-34 (base 7) to base 14
-1b
What is -10011110101 (base 2) in base 6?
-5513
1e9 (base 15) to base 6
2020
Convert -725 (base 8) to base 9.
-571
Convert -a96 (base 11) to base 15.
-5ca
Convert -21120221 (base 3) to base 11.
-4180
1738 (base 15) to base 12
2a8b
Convert -1647 (base 13) to base 14.
-1298
What is 824 (base 12) in base 15?
53a
What is -1222000 (base 3) in base 16?
-597
What is -13a4 (base 11) in base 14?
-932
Convert -2222 (base 5) to base 2.
-100111000
What is 1063 (base 7) in base 16?
184
-14424 (base 5) to base 7
-3420
What is 3888 (base 10) in base 4?
330300
Convert -151245 (base 7) to base 14.
-a95c
-78ac (base 14) to base 9
-31633
Convert 9b6 (base 15) to base 11.
1717
What is 6062 (base 8) in base 2?
110000110010
What is 10111000101101 (base 2) in base 6?
130421
What is 948 (base 15) in base 10?
2093
Convert 15ebe (base 15) to base 14.
1bb53
What is -15a4 (base 13) in base 2?
-110001101000
Convert -8733 (base 13) to base 14.
-6bcd
-11011101011 (base 2) to base 15
-7d1
-2210220 (base 5) to base 11
-26764
Convert -14d (base 14) to base 4.
-10021
260 (base 8) to base 15
bb
Convert 1043 (base 12) to base 16.
6f3
Convert -1033 (base 5) to base 2.
-10001111
-388 (base 9) to base 5
-2243
23110122 (base 4) to base 11
31918
What is -1836 (base 13) in base 15?
-10e9
Convert -24646 (base 7) to base 4.
-1211212
Convert 10300031 (base 4) to base 10.
19469
What is -534 (base 6) in base 3?
-21111
Convert 78e (base 16) to base 12.
1152
What is fb (base 16) in base 14?
13d
Convert 21444 (base 5) to base 3.
2001112
10000010111 (base 2) to base 9
1383
Convert cd2 (base 15) to base 3.
10222022
20037 (base 8) to base 16
201f
-220003 (base 4) to base 12
-1597
-1011011001111 (base 2) to base 8
-13317
Convert 1100000100 (base 2) to base 15.
367
What is 11576 (base 8) in base 7?
20356
3a18a (base 12) to base 7
451321
1252 (base 8) to base 6
3054
Convert -1222122 (base 3) to base 6.
-10412
Convert -230430 (base 5) to base 2.
-10000000110000
What is 789 (base 11) in base 14?
4b6
4314 (base 7) to base 9
2080
Convert -373 (base 16) to base 7.
-2401
Convert -100011101001 (base 2) to base 7.
-6436
Convert -1453 (base 16) to base 9.
-7121
-1222 (base 6) to base 3
-102012
42141 (base 5) to base 2
101011101100
What is -2266 (base 7) in base 12?
-594
Convert 3515 (base 8) to base 3.
2120020
20320 (base 6) to base 16
a98
What is -11b1 (base 13) in base 8?
-4716
Convert 73b (base 13) to base 8.
2321
219 (base 10) to base 9
263
Convert 8e (base 16) to base 5.
1032
Convert 10101000101111 (base 2) to base 5.
321144
What is 7757 (base 8) in base 14?
16b5
What is 27594 (base 10) in base 2?
110101111001010
What is d4 (base 14) in base 5?
1221
Convert 11100101001 (base 2) to base 15.
823
Convert 1033441 (base 5) to base 8.
43114
Convert 1101100000001 (base 2) to base 5.
210123
What is 3a1c (base 16) in base 8?
35034
What is -101210 (base 3) in base 5?
-2131
-261 (base 16) to